?
41
Suppose -4*t = 20*v - 21*v - 14312, 0 = -2*t + v + 7154. List the prime factors of t.
3, 1193
Let y(f) = 4*f - 4. Let i(m) = -12*m + 11. Let o(w) = -6*i(w) - 17*y(w). Suppose -5*r - 3*h = -33, r + 3*h + 11 = -2*h. What are the prime factors of o(r)?
2, 19
List the prime factors of 12/(-36) - (-23270)/15.
3, 11, 47
Let g = 534 + -317. Suppose g + 158 = 5*i. What are the prime factors of i?
3, 5
Let p = -2471 - -4339. List the prime factors of p.
2, 467
Suppose 2*y + 3*c - 8*c = 14, 7 = y - 5*c. What are the prime factors of y?
7
Let q = -88 + 96. Let s(x) be the first derivative of x**3/3 - 5*x**2/2 - 10*x + 2. What are the prime factors of s(q)?
2, 7
Suppose -k - 26 = -277. Suppose -3*y + 305 = 2*y - 3*f, f = 4*y - k. What are the prime factors of y?
2
Suppose y = 6*y + 5. Let c(u) = u - 18*u - 1 - 15*u. What are the prime factors of c(y)?
31
Let c(k) = 6*k**2 - 22*k + 129. What are the prime factors of c(7)?
269
Suppose 3*c - c - 39 = -5*x, -3*x - 4*c = -15. Let h = -10 + x. List the prime factors of 377/26 - h/(-2).
2, 7
Let w(u) = -u**2 - 23*u - 34. Let r be w(-16). Let a = -5 + r. List the prime factors of a.
73
Let t be ((-2)/(-4))/((-1)/(-106)). Let l be (31 + 1)*73/(-73). Let r = t + l. What are the prime factors of r?
3, 7
Let v(k) = k**2 - 5*k - 2. Let m be v(7). List the prime factors of m/(-5)*(-50)/20.
2, 3
List the prime factors of (-8 + 4)*(-8210)/40.
821
Suppose -115 = -z + p, 4*z = -3*p + 444 - 12. Suppose -z = -f + 3*h, -3*f - 2*h + 209 = -91. List the prime factors of f.
2, 3, 17
Suppose -67*i + 62*i + 470 = 0. What are the prime factors of i?
2, 47
Suppose 2*z - 5*z = -12, -2*z + 8 = 4*u. Suppose k - h + 5*h - 6 = u, 2*k - 5*h = -14. What are the prime factors of (k/4)/(8/(-496))?
31
Suppose 3*a = -91 + 943. What are the prime factors of a?
2, 71
Suppose 12 = -4*l, -10*q + l + 11467 = -6*q. What are the prime factors of q?
2, 1433
Suppose 3*y - 17 = -8. Let j be ((-120)/18)/((-2)/y). List the prime factors of (-2)/j - (-1260)/50.
5
Suppose 4*o - 12 = 4*s, -o - 12 = -3*o + 4*s. Suppose 2*c - 157 - 25 = o. List the prime factors of c.
7, 13
Suppose 4*x + 2 = 2*j, -4*j = x + 4*x - 4. Let k be 36 + x - (2 - 4). Let z = -24 + k. List the prime factors of z.
2, 7
Let c be (56/12)/((-2)/3). Let q = c - -73. List the prime factors of q.
2, 3, 11
Let j = -6433 + 11209. What are the prime factors of j?
2, 3, 199
Suppose 5*h - 15 = 0, -3*n - 3*h + 234 = -2256. List the prime factors of n.
827
Suppose -7 + 12 = z. Suppose 3*o + 24 = z*n, 15 = -4*o + 2*n - n. List the prime factors of 162/3 - -4 - o.
61
Suppose -1037 = -2*i + 3*l, 4*l + 2049 = 4*i + 3*l. What are the prime factors of i?
7, 73
Suppose 59 + 16 = 5*p. Let z(x) = -3*x**2 - 21*x + 8. Let r(i) = 5*i**2 + 41*i - 16. Let k(u) = 4*r(u) + 7*z(u). What are the prime factors of k(p)?
2, 11
Suppose 215 = 5*f + 70. Let b = -18 + f. What are the prime factors of (-7 + b)/((-2)/(-12))?
2, 3
Let s = 68 - 63. Suppose 5*m = 5*x + 200, s*x - 15 = -m + 7. What are the prime factors of m?
37
Let q be (1 + 1)*-12*-1. Suppose 118 = 3*y + g, y - g - 70 = -q. What are the prime factors of y?
41
Suppose -7*i - 40 = -11*i. Suppose -20 = -2*u + 4*z, 0 = 3*z - 1 + i. Suppose -u*s - 3*n + 27 + 73 = 0, -4*s + 5*n = -132. List the prime factors of s.
2, 7
Let o = -47 + 83. Suppose y + o = 5*y. What are the prime factors of y?
3
Suppose -3*h - 1304 = -11*h. What are the prime factors of h?
163
Let m(t) = 17*t**2 - 2*t - 1. Let o(a) = a - 11. Let d be o(10). Let y be m(d). Let v = y + -6. List the prime factors of v.
2, 3
Let m(k) = -k**3 + 18*k**2 - 17*k + 7. Let d be m(17). Suppose -3*f + 90 = 3*n, 0 = -2*f + d*f - n - 162. What are the prime factors of f?
2
Suppose 0*v - 50 = -5*v. Suppose 8 = 4*o + o + 4*q, 5*o - 4*q = -8. Suppose -77 = -3*f - 3*n + v, o = 4*f - n - 136. What are the prime factors of f?
3, 11
Let x = -636 + 1498. What are the prime factors of x?
2, 431
Let t = 5342 - 3143. List the prime factors of t.
3, 733
Suppose 79*j = 58*j + 14931. What are the prime factors of j?
3, 79
List the prime factors of (4/(-12))/((-8)/696).
29
Suppose 0 = -13*y + 15*y - 376. Suppose -4*p + y = 3*t, 4*t = -5*p + 271 - 37. Suppose 2*u - 48 = p. What are the prime factors of u?
7
Suppose 13*u - 12*u = 0. Suppose 7*x - 20 - 29 = u. List the prime factors of (-12)/(-42) - (-68)/x.
2, 5
What are the prime factors of 7/(-70) + (-5764)/(-40)?
2, 3
Let d be -5 + (-136)/(-32) - (-507)/4. Suppose -1 = 2*y - 7. Suppose -5*o - y*n = -242, 4*o - 71 = n + d. List the prime factors of o.
7
Let y = -496 + 2239. List the prime factors of y.
3, 7, 83
Let z = 344 - 158. List the prime factors of z.
2, 3, 31
Let x(q) = q**2 - 9*q + 11. Let t be x(8). Suppose 0 = 2*g - 23 - 317. Suppose -o + 5*o - s - g = 0, -4*o + t*s = -166. List the prime factors of o.
43
Let o = 994 - 616. What are the prime factors of o?
2, 3, 7
Suppose -8*a + 30 = -13*a. Let x(f) = 5*f**2 + 14*f + 4. List the prime factors of x(a).
2, 5
Let p = 236 - -15. Suppose 4*i + w = 1038, i - 2*w = 2*w + p. Suppose -3*z - 12 = 0, 5*z = 4*g - i + 35. List the prime factors of g.
3, 17
List the prime factors of (44/(-5))/(4*(-6)/300).
2, 5, 11
Let x = 109 - 89. Let a be -2 + 0 - (-2)/1. Suppose x = 2*b - a*b. What are the prime factors of b?
2, 5
Suppose 2*a = 3*n + 3*a - 581, 4*n = 2*a + 788. Let y = n + -105. List the prime factors of y.
2, 3, 5
Let b = -4 + 6. Let f = b - 7. What are the prime factors of f/((-15)/27) + -3?
2, 3
Let k be (0 + 1)/((-5)/(-30)). Let v(m) = -m**3 + 7*m**2 + 3*m + 5. Let c be v(k). Suppose 0 = 11*q - 10*q - c. List the prime factors of q.
59
What are the prime factors of 243808/114 - (-5)/(-3)?
2137
Suppose -4*v + 2 = 30. Let b(z) = -z - 6. Let l be b(v). Suppose 0 = -c + 13 - l. What are the prime factors of c?
2, 3
Let r(x) = 9*x**2 + 63*x - 362. List the prime factors of r(6).
2, 5, 17
Let d = -1108 - -2005. List the prime factors of d.
3, 13, 23
Let j be 2 + 6/(-2) - (12 + -2). Let i = j + 47. List the prime factors of i.
2, 3
Let b(v) = 76*v - 2. Let u be b(2). Suppose -6*q = 2*j - 174, 0*j = -j + 4*q + 66. Let o = u - j. List the prime factors of o.
2, 3
Let s(r) = r**3 - 12*r**2 - 2*r + 25. Let y be s(12). List the prime factors of y/(-3) + 240/18.
13
Let s = 31 + -58. List the prime factors of s/9*(-4)/3.
2
Suppose -5*i + 1092 = n, 10*i + 2*n - 1089 = 5*i. List the prime factors of i.
3, 73
Let n = 2229 + -423. What are the prime factors of n?
2, 3, 7, 43
Suppose 10*i - 145 = 5*i. Let a = -18 + i. What are the prime factors of a?
11
Suppose -7 = 5*g - 32. Suppose -5*t = g*f - 310, -3*f - 2*f = -2*t + 103. What are the prime factors of t?
59
Suppose 4*w + 15 = w, d - 2*w = 10. Suppose 3*g - 78 - 72 = d. What are the prime factors of g?
2, 5
Let y(p) = -p**3 - 8*p**2 - 6*p + 11. Let b be y(-7). Suppose -5*t - b*h + 2*h = -350, 5*t - 350 = 5*h. List the prime factors of t.
2, 5, 7
Suppose -3*w + 8 = -w. Let h be (w - 5) + 1*6. Suppose 83 + 62 = h*x. List the prime factors of x.
29
Suppose -9*r - 557 = -7298. List the prime factors of r.
7, 107
Let g(l) = 21*l**2 - l. Let d be g(1). Let m = 25 - d. Suppose 0 = 2*s - m*j - 35, -27 + 93 = 3*s - 3*j. List the prime factors of s.
5
Let k = 4066 + -2265. List the prime factors of k.
1801
Suppose h - 12*h = -297. Suppose 2*k + d = -33, -3*k - 69 = k + d. Let r = h + k. What are the prime factors of r?
3
Let w(h) = -17*h - 54. List the prime factors of w(-10).
2, 29
Suppose 104 = w + 9. Suppose i = 5*h - 21, -i = 2*i + h + w. Let y = -22 - i. List the prime factors of y.
3
Suppose 2 = -0*s + 2*s. Suppose 5 = d - s. What are the prime factors of (8/(-10))/(d/(-45))?
2, 3
Let t be 2/10 - 54/(-30). Let n(b) = -6*b + b**3 + 20*b**2 - 6 - t*b**3 - 23*b**2 + 1. List the prime factors of n(-4).
5, 7
Let v(u) = -u**2 + 3*u - 2. Let o be v(2). Suppose 6 + o = 2*l. Suppose l*s - 3 - 15 = 0. What are the prime factors of s?
2, 3
Let u(j) = 5*j**2 - 4*j + 5. Let k(i) = 6*i - 46. Let x be k(8). What are the prime factors of u(x)?
17
List the prime factors of -3 - -4 - -359 - -6.
2, 3, 61
Let a(n) = -n**3 + 6*n**2 + 8*n - 9. Let o be a(7). Let c = 5 + o. Suppose 3*m + 5*r + 10 = 2*m, 0 = -c*m + 4*r + 46. What are the prime factors of m?
2, 5
Let x(l) = 966*l - 10 - 942*l + 4. What are the p